git of 637696114?
4
What is the hundred thousands digit of 2385763012?
7
What is the ten thousands digit of 63155057?
5
What is the hundred thousands digit of 4612014?
6
What is the ten thousands digit of 670337471?
3
What is the hundreds digit of 79153890?
8
What is the ten millions digit of 159109879?
5
What is the units digit of 252027957?
7
What is the units digit of 2450425856?
6
What is the hundreds digit of 18092204?
2
What is the hundred thousands digit of 467164386?
1
What is the thousands digit of 24520712?
0
What is the ten millions digit of 38061866?
3
What is the hundreds digit of 51910257?
2
What is the hundreds digit of 218242345?
3
What is the units digit of 747426756?
6
What is the ten thousands digit of 15544150?
4
What is the tens digit of 110178839?
3
What is the hundreds digit of 7455469503?
5
What is the hundreds digit of 698872?
8
What is the thousands digit of 291241193?
1
What is the units digit of 746295497?
7
What is the thousands digit of 69294033?
4
What is the hundred millions digit of 1796878810?
7
What is the millions digit of 1585330942?
5
What is the billions digit of 1546644609?
1
What is the hundred thousands digit of 4761602957?
6
What is the hundred thousands digit of 36488563?
4
What is the tens digit of 1092332214?
1
What is the hundred thousands digit of 738235646?
2
What is the thousands digit of 3439461971?
1
What is the hundreds digit of 80272188?
1
What is the millions digit of 2272472508?
2
What is the hundred millions digit of 266033018?
2
What is the ten thousands digit of 14250058?
5
What is the millions digit of 2752739576?
2
What is the hundred thousands digit of 48392915?
3
What is the thousands digit of 497281693?
1
What is the hundred millions digit of 344002439?
3
What is the hundreds digit of 132085277?
2
What is the millions digit of 20248766?
0
What is the units digit of 15887992?
2
What is the units digit of 33705038?
8
What is the units digit of 19247873?
3
What is the millions digit of 96400799?
6
What is the ten thousands digit of 675217356?
1
What is the millions digit of 1352728054?
2
What is the hundred millions digit of 587493967?
5
What is the thousands digit of 2430820397?
0
What is the hundred millions digit of 396234083?
3
What is the hundred thousands digit of 86008082?
0
What is the ten thousands digit of 275683168?
8
What is the units digit of 33352518?
8
What is the ten thousands digit of 928762115?
6
What is the hundreds digit of 29509729?
7
What is the ten thousands digit of 367598948?
9
What is the thousands digit of 382936506?
6
What is the thousands digit of 169222428?
2
What is the ten thousands digit of 836332939?
3
What is the tens digit of 591112125?
2
What is the hundreds digit of 2650006590?
5
What is the hundred thousands digit of 222144175?
1
What is the tens digit of 4510108?
0
What is the millions digit of 2219436210?
9
What is the ten millions digit of 221155506?
2
What is the units digit of 183250274?
4
What is the hundred millions digit of 135224197?
1
What is the ten millions digit of 210355635?
1
What is the hundred thousands digit of 33345552?
3
What is the millions digit of 50804509?
0
What is the tens digit of 88301883?
8
What is the hundreds digit of 1016786647?
6
What is the tens digit of 72475335?
3
What is the ten thousands digit of 172887703?
8
What is the millions digit of 104187373?
4
What is the thousands digit of 813130991?
0
What is the units digit of 254958131?
1
What is the units digit of 1002078811?
1
What is the ten millions digit of 3078404275?
7
What is the tens digit of 124950356?
5
What is the ten thousands digit of 92375644?
7
What is the hundred thousands digit of 917239304?
2
What is the hundred thousands digit of 89738447?
7
What is the ten millions digit of 231350420?
3
What is the thousands digit of 6175061?
5
What is the thousands digit of 34291378?
1
What is the ten thousands digit of 48731665?
3
What is the tens digit of 155188675?
7
What is the ten millions digit of 532357511?
3
What is the hundreds digit of 1180180651?
6
What is the ten thousands digit of 753846073?
4
What is the tens digit of 4261698?
9
What is the ten millions digit of 2172563611?
7
What is the ten millions digit of 55904510?
5
What is the hundreds digit of 297230609?
6
What is the ten thousands digit of 250165936?
6
What is the tens digit of 5791172031?
3
What is the thousands digit of 9700878?
0
What is the hundred millions digit of 142197415?
1
What is the ten millions digit of 5903081419?
0
What is the hundred thousands digit of 871017058?
0
What is the ten thousands digit of 51268121?
6
What is the ten thousands digit of 231150507?
5
What is the thousands digit of 696967804?
7
What is the thousands digit of 871866843?
6
What is the millions digit of 59431494?
9
What is the hundreds digit of 91953589?
5
What is the hundred millions digit of 868321377?
8
What is the thousands digit of 93331877?
1
What is the millions digit of 634240962?
4
What is the thousands digit of 327633478?
3
What is the hundred millions digit of 238318916?
2
What is the units digit of 162295465?
5
What is the units digit of 874408?
8
What is the ten thousands digit of 3558707880?
0
What is the ten millions digit of 118439185?
1
What is the millions digit of 146056193?
6
What is the tens digit of 560664631?
3
What is the tens digit of 17131297?
9
What is the tens digit of 145226139?
3
What is the millions digit of 2400591140?
0
What is the tens digit of 40935297?
9
What is the hundred millions digit of 2299144742?
2
What is the hundred thousands digit of 7311368271?
3
What is the units digit of 937149622?
2
What is the units digit of 420426003?
3
What is the units digit of 1325093834?
4
What is the tens digit of 45622406?
0
What is the hundred millions digit of 148591626?
1
What is the units digit of 346711769?
9
What is the ten millions digit of 177417557?
7
What is the hundred thousands digit of 228696554?
6
What is the hundreds digit of 9215169?
1
What is the tens digit of 3068632467?
6
What is the ten millions digit of 143331685?
4
What is the hundreds digit of 148780430?
4
What is the hundreds digit of 254521838?
8
What is the ten thousands digit of 257451965?
5
What is the hundred millions digit of 546152431?
5
What is the hundreds digit of 62972537?
5
What is the hundreds digit of 2650534799?
7
What is the hundreds digit of 68419474?
4
What is the ten millions digit of 18793752?
1
What is the hundreds digit of 616556332?
3
What is the ten thousands digit of 91935539?
3
What is the billions digit of 1461163892?
1
What is the hundred millions digit of 1616614517?
6
What is the units digit of 1605167436?
6
What is the hundred thousands digit of 257383?
2
What is the hundreds digit of 189218183?
1
What is the tens digit of 90933196?
9
What is the units digit of 149034763?
3
What is the units digit of 655320096?
6
What is the units digit of 2130572152?
2
What is the hundreds digit of 1633681636?
6
What is the millions digit of 308713073?
8
What is the units digit of 19591653?
3
What is the hundred thousands digit of 13266148?
2
What is the units digit of 408678?
8
What is the millions digit of 2857801?
2
What is the ten millions digit of 20425998?
2
What is the ten millions digit of 96768523?
9
What is the ten thousands digit of 1283087859?
8
What is the thousands digit of 51265730?
5
What is the hundred millions digit of 2614622401?
6
What is the ten thousands digit of 383962222?
6
What is the ten millions digit of 21589003?
2
What is the hundreds digit of 312141849?
8
What is the ten millions digit of 64393908?
6
What is the ten thousands digit of 1352582966?
8
What is the hundred millions digit of 204412517?
2
What is the hundreds digit of 164318970?
9
What is the hundred thousands digit of 54180977?
1
What is the millions digit of 47857557?
7
What is the billions digit of 6617626468?
6
What is the millions digit of 827697464?
7
What is the tens digit of 1571654?
5
What is the tens digit of 252606815?
1
What is the ten thousands digit of 121116298?
1
What is the hundred thousands digit of 57980584?
9
What is the hundreds digit of 1873481012?
0
What is the units digit of 887734441?
1
What is the millions digit of 6795628?
6
What is the hundreds digit of 56090975?
9
W